
Calculate the remainder when 362 is divided by 28.
26
Calculate the remainder when 875 is divided by 16.
11
What is the remainder when 3548 is divided by 91?
90
What is the remainder when 438 is divided by 37?
31
Calculate the remainder when 2799 is divided by 11.
5
What is the remainder when 186 is divided by 66?
54
Calculate the remainder when 3073 is divided by 15.
13
Calculate the remainder when 1035 is divided by 28.
27
Calculate the remainder when 3072 is divided by 15.
12
Calculate the remainder when 968 is divided by 19.
18
What is the remainder when 298 is divided by 7?
4
What is the remainder when 1901 is divided by 29?
16
Calculate the remainder when 316 is divided by 102.
10
Calculate the remainder when 998 is divided by 53.
44
Calculate the remainder when 270 is divided by 108.
54
What is the remainder when 89 is divided by 12?
5
What is the remainder when 2306 is divided by 96?
2
Calculate the remainder when 129 is divided by 51.
27
What is the remainder when 165 is divided by 43?
36
Calculate the remainder when 305 is divided by 11.
8
What is the remainder when 379 is divided by 12?
7
Calculate the remainder when 106 is divided by 30.
16
What is the remainder when 225 is divided by 108?
9
Calculate the remainder when 7467 is divided by 7.
5
Calculate the remainder when 4927 is divided by 10.
7
Calculate the remainder when 7190 is divided by 31.
29
Calculate the remainder when 764 is divided by 17.
16
What is the remainder when 429 is divided by 386?
43
What is the remainder when 104 is divided by 22?
16
Calculate the remainder when 71363 is divided by 114.
113
What is the remainder when 336 is divided by 13?
11
Calculate the remainder when 465 is divided by 117.
114
What is the remainder when 82 is divided by 23?
13
Calculate the remainder when 4911 is divided by 42.
39
Calculate the remainder when 57 is divided by 12.
9
What is the remainder when 320 is divided by 23?
21
Calculate the remainder when 393 is divided by 23.
2
Calculate the remainder when 595 is divided by 24.
19
Calculate the remainder when 18 is divided by 8.
2
Calculate the remainder when 1066 is divided by 323.
97
Calculate the remainder when 99 is divided by 10.
9
Calculate the remainder when 27402 is divided by 34.
32
Calculate the remainder when 536 is divided by 92.
76
What is the remainder when 33 is divided by 6?
3
Calculate the remainder when 125 is divided by 26.
21
Calculate the remainder when 80135 is divided by 14.
13
Calculate the remainder when 102 is divided by 26.
24
What is the remainder when 564 is divided by 179?
27
What is the remainder when 1607 is divided by 281?
202
Calculate the remainder when 6231 is divided by 41.
40
What is the remainder when 932 is divided by 55?
52
What is the remainder when 464 is divided by 159?
146
Calculate the remainder when 405 is divided by 101.
1
Calculate the remainder when 270 is divided by 51.
15
Calculate the remainder when 580 is divided by 3.
1
Calculate the remainder when 39 is divided by 28.
11
What is the remainder when 745 is divided by 67?
8
What is the remainder when 630 is divided by 210?
0
Calculate the remainder when 374 is divided by 54.
50
Calculate the remainder when 129 is divided by 66.
63
Calculate the remainder when 17818 is divided by 71.
68
Calculate the remainder when 319 is divided by 80.
79
What is the remainder when 128 is divided by 23?
13
What is the remainder when 221 is divided by 32?
29
Calculate the remainder when 656 is divided by 33.
29
What is the remainder when 39 is divided by 14?
11
What is the remainder when 941 is divided by 116?
13
What is the remainder when 494 is divided by 55?
54
What is the remainder when 62 is divided by 16?
14
Calculate the remainder when 567 is divided by 143.
138
What is the remainder when 1309 is divided by 82?
79
What is the remainder when 2329 is divided by 146?
139
Calculate the remainder when 746 is divided by 104.
18
Calculate the remainder when 964 is divided by 224.
68
Calculate the remainder when 485 is divided by 479.
6
What is the remainder when 194 is divided by 45?
14
Calculate the remainder when 5185 is divided by 133.
131
Calculate the remainder when 2188 is divided by 1086.
16
What is the remainder when 1011 is divided by 172?
151
Calculate the remainder when 2668 is divided by 89.
87
Calculate the remainder when 4076 is divided by 255.
251
What is the remainder when 685 is divided by 326?
33
What is the remainder when 211 is divided by 4?
3
Calculate the remainder when 159 is divided by 13.
3
Calculate the remainder when 4151 is divided by 231.
224
What is the remainder when 1159 is divided by 45?
34
What is the remainder when 1241 is divided by 26?
19
What is the remainder when 338 is divided by 70?
58
What is the remainder when 288 is divided by 29?
27
Calculate the remainder when 253 is divided by 8.
5
Calculate the remainder when 2737 is divided by 248.
9
Calculate the remainder when 3018 is divided by 67.
3
What is the remainder when 6128 is divided by 7?
3
Calculate the remainder when 1724 is divided by 25.
24
Calculate the remainder when 3316 is divided by 10.
6
What is the remainder when 132 is divided by 30?
12
What is the remainder when 2989 is divided by 65?
64
What is the remainder when 210 is divided by 4?
2
What is the remainder when 1414 is divided by 249?
169
Calculate the remainder when 53 is divided by 39.
14
What is the remainder when 384 is divided by 216?
168
What is the remainder when 1738 is divided by 579?
1
What is the remainder when 3548 is divided by 1175?
23
Calculate the remainder when 1284 is divided by 108.
96
What is the remainder when 161 is divided by 91?
70
Calculate the remainder when 163 is divided by 80.
3
What is the remainder when 38 is divided by 7?
3
What is the remainder when 253 is divided by 36?
1
Calculate the remainder when 2052 is divided by 676.
24
Calculate the remainder when 865 is divided by 426.
13
Calculate the remainder when 91 is divided by 79.
12
Calculate the remainder when 77 is divided by 42.
35
Calculate the remainder when 446 is divided by 28.
26
Calculate the remainder when 4433 is divided by 17.
13
What is the remainder when 1924 is divided by 41?
38
Calculate the remainder when 61 is divided by 58.
3
Calculate the remainder when 2209 is divided by 105.
4
What is the remainder when 25499 is divided by 250?
249
What is the remainder when 184 is divided by 50?
34
Calculate the remainder when 177 is divided by 140.
37
Calculate the remainder when 51 is divided by 26.
25
What is the remainder when 129 is divided by 10?
9
What is the remainder when 528 is divided by 5?
3
What is the remainder when 1258 is divided by 7?
5
Calculate the remainder when 209 is divided by 31.
23
What is the remainder when 230 is divided by 58?
56
Calculate the remainder when 5612 is divided by 148.
136
What is the remainder when 209 is divided by 25?
9
What is the remainder when 240 is divided by 52?
32
What is the remainder when 171 is divided by 22?
17
What is the remainder when 1978 is divided by 972?
34
What is the remainder when 6 is divided by 4?
2
Calculate the remainder when 565 is divided by 148.
121
What is the remainder when 683 is divided by 63?
53
What is the remainder when 258 is divided by 179?
79
Calculate the remainder when 2399 is divided by 25.
24
Calculate the remainder when 68 is divided by 39.
29
Calculate the remainder when 133 is divided by 12.
1
Calculate the remainder when 81 is divided by 16.
1
Calculate the remainder when 204 is divided by 19.
14
Calculate the remainder when 402 is divided by 202.
200
What is the remainder when 96 is divided by 49?
47
Calculate the remainder when 817 is divided by 407.
3
Calculate the remainder when 366 is divided by 345.
21
What is the remainder when 2079 is divided by 32?
31
What is the remainder when 360 is divided by 91?
87
What is the remainder when 923 is divided by 25?
23
What is the remainder when 444 is divided by 14?
10
Calculate the remainder when 1278 is divided by 8.
6
What is the remainder when 90 is divided by 47?
43
Calculate the remainder when 357 is divided by 16.
5
Calculate the remainder when 580 is divided by 287.
6
What is the remainder when 2 is divided by 1?
0
What is the remainder when 676 is divid